st common factor of 128511 and 109?
109
Calculate the greatest common factor of 6306156 and 18.
18
Calculate the greatest common divisor of 210 and 7266.
42
Calculate the highest common divisor of 93002 and 196.
98
Calculate the highest common factor of 9898 and 931.
49
What is the greatest common divisor of 238762 and 1984?
62
Calculate the highest common divisor of 26163 and 7047.
81
Calculate the highest common divisor of 17579799 and 9.
9
Calculate the highest common divisor of 10535 and 3920.
245
Calculate the greatest common divisor of 82584 and 8325.
333
Calculate the greatest common divisor of 12 and 1974060.
12
What is the highest common divisor of 197576 and 24?
8
What is the highest common divisor of 40 and 212645?
5
Calculate the highest common factor of 2764195 and 140.
35
What is the greatest common divisor of 54 and 864?
54
What is the highest common divisor of 25200 and 4620?
420
Calculate the highest common divisor of 2755 and 8845.
145
Calculate the highest common divisor of 3431968 and 32.
32
What is the highest common factor of 292 and 32996?
292
What is the greatest common factor of 4897 and 1079?
83
Calculate the highest common factor of 43795 and 1216.
19
What is the highest common divisor of 4283090 and 196?
98
Calculate the highest common divisor of 39641 and 3577.
49
What is the highest common divisor of 5 and 10803?
1
Calculate the greatest common divisor of 67228 and 20237.
343
Calculate the greatest common factor of 39 and 171987.
3
What is the highest common factor of 141514 and 1730?
346
Calculate the greatest common factor of 1688 and 322.
2
What is the greatest common factor of 6611 and 28247?
601
Calculate the greatest common divisor of 117756 and 36.
36
Calculate the greatest common divisor of 236 and 3242404.
236
Calculate the highest common divisor of 8000 and 2112.
64
Calculate the highest common factor of 282 and 7962.
6
Calculate the greatest common factor of 465 and 7185.
15
Calculate the highest common divisor of 38750 and 34038.
62
Calculate the greatest common factor of 3036085 and 845.
845
What is the greatest common divisor of 22010 and 230?
10
What is the greatest common divisor of 1309 and 10549?
77
What is the highest common factor of 365 and 3385?
5
Calculate the highest common factor of 7871 and 850.
17
What is the greatest common factor of 2574 and 39702?
78
What is the greatest common divisor of 14364 and 35532?
756
Calculate the greatest common factor of 37011 and 338.
169
What is the highest common factor of 4797 and 195?
39
Calculate the greatest common divisor of 4991815 and 785.
785
What is the highest common factor of 866 and 788?
2
What is the greatest common factor of 2484 and 334800?
108
What is the highest common divisor of 75 and 864?
3
Calculate the greatest common divisor of 10 and 4240010.
10
What is the highest common factor of 556570 and 2?
2
What is the greatest common divisor of 13 and 560209?
13
What is the greatest common factor of 550 and 3091825?
275
Calculate the highest common divisor of 5265 and 252135.
585
Calculate the greatest common divisor of 407588 and 124.
124
Calculate the greatest common factor of 30 and 858885.
15
Calculate the highest common divisor of 645 and 10535.
215
Calculate the highest common divisor of 4234 and 74356.
58
What is the highest common divisor of 4674 and 2698?
38
Calculate the highest common divisor of 102795 and 70.
35
What is the highest common factor of 92 and 8188?
92
Calculate the greatest common factor of 16 and 77680.
16
What is the highest common factor of 34338 and 590?
118
What is the highest common factor of 656850 and 174?
174
What is the highest common divisor of 150315 and 330?
165
Calculate the greatest common divisor of 973977 and 97.
97
Calculate the highest common factor of 1755 and 4745.
65
Calculate the highest common divisor of 28 and 55741.
7
Calculate the highest common divisor of 11877 and 5143.
37
Calculate the highest common factor of 8793 and 1413.
9
Calculate the highest common divisor of 667 and 667759.
23
What is the highest common divisor of 710425 and 50?
25
What is the greatest common divisor of 156681 and 35?
7
Calculate the highest common factor of 116 and 24795.
29
Calculate the highest common factor of 66 and 150656.
22
Calculate the greatest common divisor of 206 and 23118968.
206
Calculate the greatest common factor of 4338 and 2286.
18
What is the greatest common factor of 79 and 5301?
1
Calculate the highest common factor of 46 and 60674.
46
What is the highest common divisor of 5304 and 20748?
156
Calculate the highest common factor of 2419 and 1475.
59
What is the greatest common divisor of 948 and 12660?
12
What is the greatest common divisor of 18 and 43443?
9
Calculate the greatest common divisor of 204 and 170442.
102
Calculate the greatest common factor of 38 and 8650.
2
Calculate the greatest common factor of 65 and 78920.
5
What is the greatest common factor of 1183 and 5239?
169
What is the highest common factor of 5475 and 39055?
365
Calculate the greatest common divisor of 899 and 783.
29
What is the highest common divisor of 801 and 1179?
9
What is the highest common divisor of 2412 and 109612?
268
Calculate the highest common divisor of 54 and 242973.
27
What is the greatest common divisor of 1808 and 32?
16
What is the greatest common factor of 343596 and 1672?
836
Calculate the highest common factor of 527758 and 2387.
77
What is the highest common divisor of 11421 and 658?
47
Calculate the highest common divisor of 55544 and 6812.
524
Calculate the highest common factor of 104414 and 249.
83
Calculate the highest common divisor of 580 and 376130.
290
What is the greatest common divisor of 2215 and 5?
5
Calculate the greatest common divisor of 12344 and 24.
8
What is the greatest common divisor of 124234 and 154?
22
What is the greatest common divisor of 19924338 and 42?
42
What is the highest common divisor of 4400 and 1144?
88
Calculate the highest common factor of 162360 and 495.
495
Calculate the greatest common divisor of 1012 and 14564.
44
Calculate the highest common factor of 7272 and 792.
72
What is the greatest common factor of 3916 and 249556?
356
What is the highest common factor of 285 and 2229840?
285
What is the highest common factor of 8717 and 212998?
379
What is the highest common divisor of 8686 and 49086?
202
What is the highest common factor of 94178 and 112?
14
What is the greatest common factor of 7239477 and 413?
413
What is the highest common divisor of 6282 and 220219?
349
What is the greatest common divisor of 38471 and 141474?
1241
What is the greatest common factor of 1713 and 1203?
3
What is the highest common divisor of 146 and 54?
2
What is the highest common factor of 90 and 9330?
30
What is the highest common factor of 588 and 19068?
84
What is the highest common factor of 4802 and 210?
14
What is the highest common factor of 4427 and 7922?
233
What is the highest common divisor of 3591 and 375?
3
Calculate the greatest common divisor of 138 and 6702.
6
What is the greatest common factor of 11596 and 377?
13
What is the greatest common divisor of 4490 and 45?
5
What is the highest common divisor of 5 and 2447?
1
What is the highest common divisor of 102 and 118932?
102
Calculate the highest common factor of 10 and 300845.
5
What is the highest common factor of 464601 and 1234?
617
What is the greatest common factor of 12469 and 111?
37
What is the greatest common factor of 213 and 833824?
71
What is the greatest common factor of 995328 and 348?
12
Calculate the greatest common divisor of 1551 and 2343.
33
What is the highest common divisor of 4346241 and 46?
23
What is the greatest common divisor of 10868 and 4826?
38
Calculate the greatest common divisor of 544 and 315456.
32
What is the greatest common divisor of 1872048 and 344?
344
What is the highest common divisor of 2192 and 912?
16
Calculate the greatest common divisor of 11872 and 1442.
14
What is the greatest common divisor of 616 and 485023?
77
Calculate the highest common factor of 5524614 and 1908.
954
Calculate the greatest common factor of 196407 and 3768.
471
Calculate the highest common factor of 104 and 99047.
13
Calculate the greatest common divisor of 10483 and 3421.
11
C